the highest common factor of 253 and 143?
11
What is the highest common divisor of 36 and 90?
18
Calculate the greatest common factor of 44 and 1760.
44
Calculate the greatest common divisor of 128 and 512.
128
Calculate the greatest common divisor of 330 and 2550.
30
What is the greatest common divisor of 71 and 497?
71
What is the greatest common divisor of 416 and 260?
52
Calculate the greatest common factor of 1672 and 88.
88
What is the highest common factor of 3 and 25?
1
What is the greatest common divisor of 10 and 90?
10
Calculate the highest common divisor of 1199 and 11.
11
Calculate the highest common divisor of 88 and 8.
8
Calculate the greatest common factor of 2920 and 40.
40
Calculate the greatest common factor of 48 and 304.
16
Calculate the highest common divisor of 600 and 75.
75
What is the greatest common factor of 12631 and 17?
17
Calculate the greatest common divisor of 763 and 119.
7
Calculate the greatest common divisor of 11 and 6468.
11
What is the greatest common factor of 44 and 3630?
22
What is the greatest common divisor of 640 and 560?
80
What is the greatest common factor of 309 and 515?
103
Calculate the greatest common divisor of 23 and 851.
23
Calculate the greatest common factor of 40 and 32.
8
Calculate the highest common factor of 8 and 86.
2
What is the greatest common factor of 79 and 2133?
79
What is the greatest common factor of 486 and 297?
27
Calculate the greatest common factor of 328 and 82.
82
Calculate the greatest common divisor of 5205 and 15.
15
What is the highest common divisor of 2363 and 17?
17
What is the highest common factor of 2323 and 46?
23
Calculate the greatest common divisor of 1836 and 340.
68
Calculate the highest common divisor of 2132 and 468.
52
What is the highest common factor of 20 and 620?
20
Calculate the highest common factor of 28 and 161.
7
Calculate the greatest common factor of 475 and 19.
19
Calculate the greatest common factor of 451 and 3649.
41
Calculate the greatest common divisor of 49 and 196.
49
What is the greatest common factor of 1245 and 210?
15
What is the highest common factor of 34 and 2142?
34
Calculate the highest common factor of 517 and 141.
47
Calculate the highest common factor of 65 and 104.
13
What is the greatest common divisor of 15 and 2355?
15
Calculate the greatest common factor of 368 and 1127.
23
What is the greatest common divisor of 343 and 49?
49
What is the highest common factor of 48 and 36?
12
Calculate the greatest common divisor of 17 and 12223.
17
What is the greatest common divisor of 26 and 247?
13
What is the highest common divisor of 380 and 19?
19
Calculate the greatest common factor of 48 and 444.
12
Calculate the highest common divisor of 1832 and 21526.
458
What is the greatest common divisor of 114 and 18202?
38
Calculate the greatest common factor of 2074 and 244.
122
Calculate the highest common factor of 48 and 16476.
12
What is the greatest common factor of 69 and 322?
23
Calculate the highest common divisor of 45 and 333.
9
What is the highest common divisor of 23353 and 386?
193
What is the greatest common divisor of 146 and 1387?
73
Calculate the greatest common factor of 27 and 33021.
27
Calculate the highest common factor of 26 and 46423.
13
What is the highest common divisor of 333 and 74?
37
Calculate the greatest common divisor of 408 and 144.
24
What is the highest common factor of 164 and 738?
82
What is the highest common divisor of 272 and 153?
17
What is the highest common divisor of 20 and 335?
5
What is the highest common divisor of 38 and 76?
38
Calculate the highest common divisor of 246 and 861.
123
What is the greatest common factor of 7 and 105?
7
Calculate the highest common factor of 4018 and 56.
14
What is the greatest common divisor of 129 and 10707?
129
Calculate the highest common divisor of 846 and 18.
18
Calculate the highest common factor of 3 and 6.
3
What is the highest common divisor of 2613 and 39?
39
What is the highest common factor of 750 and 1050?
150
What is the highest common divisor of 327 and 7957?
109
What is the greatest common divisor of 3 and 8?
1
Calculate the greatest common factor of 33 and 55.
11
What is the greatest common divisor of 76 and 190?
38
What is the highest common factor of 576 and 3528?
72
Calculate the highest common divisor of 62 and 341.
31
What is the greatest common factor of 645 and 1065?
15
What is the highest common factor of 6680 and 15?
5
What is the greatest common factor of 67 and 1139?
67
Calculate the greatest common divisor of 2457 and 39.
39
Calculate the highest common divisor of 6026 and 115.
23
What is the highest common factor of 221 and 13?
13
Calculate the highest common divisor of 306 and 1581.
51
Calculate the greatest common factor of 1505 and 860.
215
What is the highest common divisor of 90 and 10?
10
What is the greatest common factor of 15 and 15?
15
What is the highest common factor of 7710 and 5?
5
What is the greatest common factor of 1028 and 108?
4
What is the greatest common divisor of 2323 and 1111?
101
Calculate the highest common factor of 768 and 72.
24
Calculate the greatest common factor of 38 and 3629.
19
What is the highest common factor of 1375 and 880?
55
Calculate the highest common divisor of 76 and 2755.
19
Calculate the greatest common factor of 252 and 108.
36
What is the greatest common factor of 418 and 38?
38
What is the greatest common factor of 486 and 18?
18
Calculate the greatest common divisor of 588 and 12.
12
Calculate the greatest common divisor of 25956 and 36.
36
Calculate the greatest common divisor of 117 and 923.
13
What is the highest common factor of 27 and 585?
9
What is the highest common divisor of 10262 and 14?
14
What is the highest common factor of 18 and 63?
9
Calculate the highest common divisor of 1175 and 125.
25
Calculate the greatest common factor of 294 and 154.
14
Calculate the greatest common divisor of 19 and 5.
1
What is the greatest common factor of 243 and 3?
3
What is the highest common factor of 3667 and 2123?
193
What is the highest common factor of 2028 and 24?
12
What is the highest common factor of 100 and 116?
4
Calculate the highest common divisor of 2812 and 95.
19
What is the highest common divisor of 4 and 8?
4
What is the highest common factor of 74 and 1998?
74
Calculate the greatest common divisor of 37 and 629.
37
Calculate the highest common factor of 2 and 82.
2
What is the highest common factor of 8645 and 285?
95
What is the highest common divisor of 6 and 804?
6
What is the greatest common divisor of 1566 and 54?
54
Calculate the highest common factor of 650 and 52.
26
What is the highest common factor of 10971 and 207?
207
What is the highest common divisor of 451 and 3280?
41
Calculate the greatest common factor of 16 and 24.
8
Calculate the greatest common factor of 57 and 57.
57
Calculate the greatest common factor of 52 and 1300.
52
What is the greatest common divisor of 288 and 9?
9
What is the highest common divisor of 90 and 120?
30
Calculate the greatest common factor of 201 and 3.
3
Calculate the highest common factor of 762 and 6.
6
Calculate the greatest common divisor of 61 and 488.
61
Calculate the highest common divisor of 88 and 1100.
44
What is the greatest common factor of 1456 and 884?
52
Calculate the highest common factor of 116 and 8.
4
What is the greatest common divisor of 322 and 14?
14
What is the greatest common factor of 64 and 400?
16
What is the highest common divisor of 108 and 4842?
18
Calculate the greatest common divisor of 483 and 567.
21
What is the greatest common factor of 667 and 29?
29
What is the highest common divisor of 1108 and 4?
4
Calculate the highest common divisor of 114 and 513.
57
Calculate the highest common divisor of 1580 and 110.
10
Calculate the highest common factor of 1369 and 222.
37
What is the highest common factor of 216 and 20358?
54
What is the greatest common factor of 3406 and 26?
26
Calculate the greatest common factor of 44 and 1782.
22
Calculate the highest common divisor of 162 and 144.
18
What is the highest common factor of 1010 and 30?
10
What is the highest common divisor of 8 and 2456?
8
What is the greatest common divisor of 15 and 35?
5
Calculate the greatest common d